{"id":332,"date":"2022-12-20T12:02:36","date_gmt":"2022-12-20T11:02:36","guid":{"rendered":"http:\/\/germainbacher.fr\/index.php\/colibri-wp\/"},"modified":"2024-01-18T17:00:36","modified_gmt":"2024-01-18T16:00:36","slug":"accueil","status":"publish","type":"page","link":"https:\/\/germainbacher.fr\/","title":{"rendered":"Qui suis-je ?"},"content":{"rendered":"\n<div class=\"is-layout-flex wp-container-3 wp-block-columns\">\n<div class=\"is-layout-flow wp-block-column\">\n<p>Amoureux de la cr\u00e9ation audiovisuelle, je m&rsquo;\u00e9panouis dans ma profession de vid\u00e9aste depuis pr\u00e8s d&rsquo;une dizaine d&rsquo;ann\u00e9es, et suis ravi de pouvoir accompagner mes clients au d\u00e9veloppement de leurs projets en mettant \u00e0 leur service mes comp\u00e9tences de r\u00e9alisateur vid\u00e9o.<\/p>\n\n\n\n<p>\ud83c\udfaf Ma mission : Vous aider dans le d\u00e9veloppement de votre communication visuelle en vous accompagnant dans la production de vos r\u00e9alisations vid\u00e9o de A \u00e0 Z.<\/p>\n\n\n\n<p>Et si on en parlait de vive voix ? \ud83d\udc49 calendly.com\/gbacher-videomaker\/rdv<\/p>\n\n\n\n<p>\ud83d\udc49 Mes services :<\/p>\n\n\n\n<p>\u2022 Vid\u00e9os corporate (entreprises, interviews\u2026)<br>\u2022 Vid\u00e9os \u00e9v\u00e9nementielles (festivals, salons, s\u00e9minaires\u2026)<br>\u2022 Vid\u00e9os promotionnelles (produits, services, marques)<br>\u2022 Vid\u00e9os pour les r\u00e9seaux sociaux (YouTube, Instagram, Tiktok, Facebook\u2026)<br>\u2022 Vid\u00e9os de formation en ligne (E-learning)<br>\u2022 Formation sur les bases de la cr\u00e9ation audiovisuelle<\/p>\n\n\n\n<p>\ud83c\udfa5 Mon mat\u00e9riel :<\/p>\n\n\n\n<p>\u2022 Cam\u00e9ras (Panasonic S5IIX &amp; Panasonic GH5)<br>\u2022 Drone DJI Air 3 (Titulaire d&rsquo;une certification aupr\u00e8s de la DGAC)<br>\u2022 Stabilisateur DJI RS3<br>\u2022 Kit son Sennheiser<br>\u2022 Kit lumi\u00e8re D\u00f6rr<br>\u2022 Montage (Adobe Premiere Pro, Adobe After Effect, Photoshop, Illustrator, Da Vinci\u2026)<\/p>\n\n\n\n<p>\ud83c\udf89 Mes valeurs ajout\u00e9es :<\/p>\n\n\n\n<ul>\n<li>Une polyvalence me permettant de g\u00e9rer l&rsquo;int\u00e9gralit\u00e9 du workflow<\/li>\n\n\n\n<li>Mon engagement \u00e0 rester constamment \u00e0 votre \u00e9coute, associ\u00e9 \u00e0 une approche empreinte d&rsquo;humanit\u00e9, constituant ainsi la base d&rsquo;une collaboration solide et fructueuse pour nos projets \u00e0 venir.<\/li>\n\n\n\n<li>Votre satisfaction au c\u0153ur de mes priorit\u00e9s<\/li>\n<\/ul>\n<\/div>\n\n\n\n<div class=\"is-layout-flow wp-block-column\">\n<figure class=\"wp-block-image size-large\"><img decoding=\"async\" loading=\"lazy\" width=\"1024\" height=\"683\" src=\"http:\/\/germainbacher.fr\/wp-content\/uploads\/2024\/01\/P1000056low-1024x683.png\" alt=\"\" class=\"wp-image-427\" srcset=\"https:\/\/germainbacher.fr\/wp-content\/uploads\/2024\/01\/P1000056low-1024x683.png 1024w, https:\/\/germainbacher.fr\/wp-content\/uploads\/2024\/01\/P1000056low-300x200.png 300w, https:\/\/germainbacher.fr\/wp-content\/uploads\/2024\/01\/P1000056low-768x512.png 768w, https:\/\/germainbacher.fr\/wp-content\/uploads\/2024\/01\/P1000056low-1536x1024.png 1536w, https:\/\/germainbacher.fr\/wp-content\/uploads\/2024\/01\/P1000056low-2048x1365.png 2048w, https:\/\/germainbacher.fr\/wp-content\/uploads\/2024\/01\/P1000056low-2000x1333.png 2000w\" sizes=\"(max-width: 1024px) 100vw, 1024px\" \/><\/figure>\n<\/div>\n<\/div>\n","protected":false},"excerpt":{"rendered":"<p>Amoureux de la cr\u00e9ation audiovisuelle, je m&rsquo;\u00e9panouis dans ma profession de vid\u00e9aste depuis pr\u00e8s d&rsquo;une dizaine d&rsquo;ann\u00e9es, et suis ravi de pouvoir accompagner mes clients au d\u00e9veloppement de leurs projets en mettant \u00e0 leur service mes comp\u00e9tences de r\u00e9alisateur vid\u00e9o. \ud83c\udfaf Ma mission : Vous aider dans le d\u00e9veloppement de votre communication visuelle en vous &hellip; <\/p>\n<p class=\"link-more\"><a href=\"https:\/\/germainbacher.fr\/\" class=\"more-link\">Lire la suite de<span class=\"screen-reader-text\">\u00ab\u00a0Qui suis-je ?\u00a0\u00bb<\/span><\/a><\/p>\n","protected":false},"author":1,"featured_media":0,"parent":0,"menu_order":0,"comment_status":"closed","ping_status":"closed","template":"","meta":[],"yoast_head":"<!-- This site is optimized with the Yoast SEO plugin v19.13 - https:\/\/yoast.com\/wordpress\/plugins\/seo\/ -->\n<title>Germain Bacher Videomaker<\/title>\n<meta name=\"description\" content=\"Amoureux de la cr\u00e9ation audiovisuelle, je m&#039;\u00e9panouis dans ma profession de vid\u00e9aste depuis pr\u00e8s d&#039;une dizaine d&#039;ann\u00e9es, et suis ravi de pouvoir accompagner mes clients au d\u00e9veloppement de leurs projets en mettant \u00e0 leur service mes comp\u00e9tences de r\u00e9alisateur vid\u00e9o.\ud83c\udfaf Ma mission : Vous aider dans le d\u00e9veloppement de votre communication visuelle en vous accompagnant dans la production de vos r\u00e9alisations vid\u00e9o de A \u00e0 Z.Et si on en parlait de vive voix ? \ud83d\udc49 calendly.com\/gbacher-videomaker\/rdv\ud83d\udc49 Mes services :\u2022 Vid\u00e9os corporate (entreprises, interviews\u2026)\u2022 Vid\u00e9os \u00e9v\u00e9nementielles (festivals, salons, s\u00e9minaires\u2026)\u2022 Vid\u00e9os promotionnelles (produits, services, marques)\u2022 Vid\u00e9os pour les r\u00e9seaux sociaux (YouTube, Instagram, Tiktok, Facebook\u2026)\u2022 Vid\u00e9os de formation en ligne (E-learning)\u2022 Formation sur les bases de la cr\u00e9ation audiovisuelle\ud83c\udfa5 Mon mat\u00e9riel :\u2022 Cam\u00e9ras (Panasonic S5IIX &amp; Panasonic GH5)\u2022 Drone DJI Air 3 (Titulaire d&#039;une certification aupr\u00e8s de la DGAC)\u2022 Stabilisateur DJI RS3\u2022 Kit son Sennheiser\u2022 Kit lumi\u00e8re D\u00f6rr\u2022 Montage (Adobe Premiere Pro, Adobe After Effect, Photoshop, Illustrator, Da Vinci\u2026)\ud83c\udf89 Mes valeurs ajout\u00e9es :Une polyvalence me permettant de g\u00e9rer l&#039;int\u00e9gralit\u00e9 du workflowMon engagement \u00e0 rester constamment \u00e0 votre \u00e9coute, associ\u00e9 \u00e0 une approche empreinte d&#039;humanit\u00e9, constituant ainsi la base d&#039;une collaboration solide et fructueuse pour nos projets \u00e0 venir.Votre satisfaction au c\u0153ur de mes priorit\u00e9s\" \/>\n<meta name=\"robots\" content=\"index, follow, max-snippet:-1, max-image-preview:large, max-video-preview:-1\" \/>\n<link rel=\"canonical\" href=\"https:\/\/germainbacher.fr\/\" \/>\n<meta property=\"og:locale\" content=\"fr_FR\" \/>\n<meta property=\"og:type\" content=\"article\" \/>\n<meta property=\"og:title\" content=\"Germain Bacher Videomaker\" \/>\n<meta property=\"og:description\" content=\"Amoureux de la cr\u00e9ation audiovisuelle, je m&#039;\u00e9panouis dans ma profession de vid\u00e9aste depuis pr\u00e8s d&#039;une dizaine d&#039;ann\u00e9es, et suis ravi de pouvoir accompagner mes clients au d\u00e9veloppement de leurs projets en mettant \u00e0 leur service mes comp\u00e9tences de r\u00e9alisateur vid\u00e9o.\ud83c\udfaf Ma mission : Vous aider dans le d\u00e9veloppement de votre communication visuelle en vous accompagnant dans la production de vos r\u00e9alisations vid\u00e9o de A \u00e0 Z.Et si on en parlait de vive voix ? \ud83d\udc49 calendly.com\/gbacher-videomaker\/rdv\ud83d\udc49 Mes services :\u2022 Vid\u00e9os corporate (entreprises, interviews\u2026)\u2022 Vid\u00e9os \u00e9v\u00e9nementielles (festivals, salons, s\u00e9minaires\u2026)\u2022 Vid\u00e9os promotionnelles (produits, services, marques)\u2022 Vid\u00e9os pour les r\u00e9seaux sociaux (YouTube, Instagram, Tiktok, Facebook\u2026)\u2022 Vid\u00e9os de formation en ligne (E-learning)\u2022 Formation sur les bases de la cr\u00e9ation audiovisuelle\ud83c\udfa5 Mon mat\u00e9riel :\u2022 Cam\u00e9ras (Panasonic S5IIX &amp; Panasonic GH5)\u2022 Drone DJI Air 3 (Titulaire d&#039;une certification aupr\u00e8s de la DGAC)\u2022 Stabilisateur DJI RS3\u2022 Kit son Sennheiser\u2022 Kit lumi\u00e8re D\u00f6rr\u2022 Montage (Adobe Premiere Pro, Adobe After Effect, Photoshop, Illustrator, Da Vinci\u2026)\ud83c\udf89 Mes valeurs ajout\u00e9es :Une polyvalence me permettant de g\u00e9rer l&#039;int\u00e9gralit\u00e9 du workflowMon engagement \u00e0 rester constamment \u00e0 votre \u00e9coute, associ\u00e9 \u00e0 une approche empreinte d&#039;humanit\u00e9, constituant ainsi la base d&#039;une collaboration solide et fructueuse pour nos projets \u00e0 venir.Votre satisfaction au c\u0153ur de mes priorit\u00e9s\" \/>\n<meta property=\"og:url\" content=\"https:\/\/germainbacher.fr\/\" \/>\n<meta property=\"og:site_name\" content=\"Germain Bacher Videomaker\" \/>\n<meta property=\"article:publisher\" content=\"https:\/\/www.facebook.com\/germainbachervideomaker\/\" \/>\n<meta property=\"article:modified_time\" content=\"2024-01-18T16:00:36+00:00\" \/>\n<meta property=\"og:image\" content=\"http:\/\/germainbacher.fr\/wp-content\/uploads\/2024\/01\/P1000056low-1024x683.png\" \/>\n<meta name=\"twitter:card\" content=\"summary_large_image\" \/>\n<meta name=\"twitter:label1\" content=\"Dur\u00e9e de lecture estim\u00e9e\" \/>\n\t<meta name=\"twitter:data1\" content=\"2 minutes\" \/>\n<script type=\"application\/ld+json\" class=\"yoast-schema-graph\">{\"@context\":\"https:\/\/schema.org\",\"@graph\":[{\"@type\":\"WebPage\",\"@id\":\"https:\/\/germainbacher.fr\/\",\"url\":\"https:\/\/germainbacher.fr\/\",\"name\":\"Germain Bacher Videomaker\",\"isPartOf\":{\"@id\":\"https:\/\/germainbacher.fr\/#website\"},\"datePublished\":\"2022-12-20T11:02:36+00:00\",\"dateModified\":\"2024-01-18T16:00:36+00:00\",\"description\":\"Amoureux de la cr\u00e9ation audiovisuelle, je m'\u00e9panouis dans ma profession de vid\u00e9aste depuis pr\u00e8s d'une dizaine d'ann\u00e9es, et suis ravi de pouvoir accompagner mes clients au d\u00e9veloppement de leurs projets en mettant \u00e0 leur service mes comp\u00e9tences de r\u00e9alisateur vid\u00e9o.\ud83c\udfaf Ma mission : Vous aider dans le d\u00e9veloppement de votre communication visuelle en vous accompagnant dans la production de vos r\u00e9alisations vid\u00e9o de A \u00e0 Z.Et si on en parlait de vive voix ? \ud83d\udc49 calendly.com\/gbacher-videomaker\/rdv\ud83d\udc49 Mes services :\u2022 Vid\u00e9os corporate (entreprises, interviews\u2026)\u2022 Vid\u00e9os \u00e9v\u00e9nementielles (festivals, salons, s\u00e9minaires\u2026)\u2022 Vid\u00e9os promotionnelles (produits, services, marques)\u2022 Vid\u00e9os pour les r\u00e9seaux sociaux (YouTube, Instagram, Tiktok, Facebook\u2026)\u2022 Vid\u00e9os de formation en ligne (E-learning)\u2022 Formation sur les bases de la cr\u00e9ation audiovisuelle\ud83c\udfa5 Mon mat\u00e9riel :\u2022 Cam\u00e9ras (Panasonic S5IIX & Panasonic GH5)\u2022 Drone DJI Air 3 (Titulaire d'une certification aupr\u00e8s de la DGAC)\u2022 Stabilisateur DJI RS3\u2022 Kit son Sennheiser\u2022 Kit lumi\u00e8re D\u00f6rr\u2022 Montage (Adobe Premiere Pro, Adobe After Effect, Photoshop, Illustrator, Da Vinci\u2026)\ud83c\udf89 Mes valeurs ajout\u00e9es :Une polyvalence me permettant de g\u00e9rer l'int\u00e9gralit\u00e9 du workflowMon engagement \u00e0 rester constamment \u00e0 votre \u00e9coute, associ\u00e9 \u00e0 une approche empreinte d'humanit\u00e9, constituant ainsi la base d'une collaboration solide et fructueuse pour nos projets \u00e0 venir.Votre satisfaction au c\u0153ur de mes priorit\u00e9s\",\"breadcrumb\":{\"@id\":\"https:\/\/germainbacher.fr\/#breadcrumb\"},\"inLanguage\":\"fr-FR\",\"potentialAction\":[{\"@type\":\"ReadAction\",\"target\":[\"https:\/\/germainbacher.fr\/\"]}]},{\"@type\":\"BreadcrumbList\",\"@id\":\"https:\/\/germainbacher.fr\/#breadcrumb\",\"itemListElement\":[{\"@type\":\"ListItem\",\"position\":1,\"name\":\"Accueil\",\"item\":\"https:\/\/germainbacher.fr\/\"},{\"@type\":\"ListItem\",\"position\":2,\"name\":\"Qui suis-je ?\"}]},{\"@type\":\"WebSite\",\"@id\":\"https:\/\/germainbacher.fr\/#website\",\"url\":\"https:\/\/germainbacher.fr\/\",\"name\":\"Germain Bacher Videomaker\",\"description\":\"Germain Bacher Videomaker\",\"publisher\":{\"@id\":\"https:\/\/germainbacher.fr\/#organization\"},\"potentialAction\":[{\"@type\":\"SearchAction\",\"target\":{\"@type\":\"EntryPoint\",\"urlTemplate\":\"https:\/\/germainbacher.fr\/?s={search_term_string}\"},\"query-input\":\"required name=search_term_string\"}],\"inLanguage\":\"fr-FR\"},{\"@type\":\"Organization\",\"@id\":\"https:\/\/germainbacher.fr\/#organization\",\"name\":\"Germain Bacher Videomaker\",\"url\":\"https:\/\/germainbacher.fr\/\",\"logo\":{\"@type\":\"ImageObject\",\"inLanguage\":\"fr-FR\",\"@id\":\"https:\/\/germainbacher.fr\/#\/schema\/logo\/image\/\",\"url\":\"https:\/\/germainbacher.fr\/wp-content\/uploads\/2018\/11\/cropped-cropped-Plan-de-travail-1-2-1-1.png\",\"contentUrl\":\"https:\/\/germainbacher.fr\/wp-content\/uploads\/2018\/11\/cropped-cropped-Plan-de-travail-1-2-1-1.png\",\"width\":150,\"height\":75,\"caption\":\"Germain Bacher Videomaker\"},\"image\":{\"@id\":\"https:\/\/germainbacher.fr\/#\/schema\/logo\/image\/\"},\"sameAs\":[\"https:\/\/www.instagram.com\/germainbachervideomaker\/\",\"https:\/\/www.linkedin.com\/in\/germain-bacher--35454a172\/\",\"https:\/\/www.facebook.com\/germainbachervideomaker\/\"]}]}<\/script>\n<!-- \/ Yoast SEO plugin. -->","yoast_head_json":{"title":"Germain Bacher Videomaker","description":"Amoureux de la cr\u00e9ation audiovisuelle, je m'\u00e9panouis dans ma profession de vid\u00e9aste depuis pr\u00e8s d'une dizaine d'ann\u00e9es, et suis ravi de pouvoir accompagner mes clients au d\u00e9veloppement de leurs projets en mettant \u00e0 leur service mes comp\u00e9tences de r\u00e9alisateur vid\u00e9o.\ud83c\udfaf Ma mission : Vous aider dans le d\u00e9veloppement de votre communication visuelle en vous accompagnant dans la production de vos r\u00e9alisations vid\u00e9o de A \u00e0 Z.Et si on en parlait de vive voix ? \ud83d\udc49 calendly.com\/gbacher-videomaker\/rdv\ud83d\udc49 Mes services :\u2022 Vid\u00e9os corporate (entreprises, interviews\u2026)\u2022 Vid\u00e9os \u00e9v\u00e9nementielles (festivals, salons, s\u00e9minaires\u2026)\u2022 Vid\u00e9os promotionnelles (produits, services, marques)\u2022 Vid\u00e9os pour les r\u00e9seaux sociaux (YouTube, Instagram, Tiktok, Facebook\u2026)\u2022 Vid\u00e9os de formation en ligne (E-learning)\u2022 Formation sur les bases de la cr\u00e9ation audiovisuelle\ud83c\udfa5 Mon mat\u00e9riel :\u2022 Cam\u00e9ras (Panasonic S5IIX & Panasonic GH5)\u2022 Drone DJI Air 3 (Titulaire d'une certification aupr\u00e8s de la DGAC)\u2022 Stabilisateur DJI RS3\u2022 Kit son Sennheiser\u2022 Kit lumi\u00e8re D\u00f6rr\u2022 Montage (Adobe Premiere Pro, Adobe After Effect, Photoshop, Illustrator, Da Vinci\u2026)\ud83c\udf89 Mes valeurs ajout\u00e9es :Une polyvalence me permettant de g\u00e9rer l'int\u00e9gralit\u00e9 du workflowMon engagement \u00e0 rester constamment \u00e0 votre \u00e9coute, associ\u00e9 \u00e0 une approche empreinte d'humanit\u00e9, constituant ainsi la base d'une collaboration solide et fructueuse pour nos projets \u00e0 venir.Votre satisfaction au c\u0153ur de mes priorit\u00e9s","robots":{"index":"index","follow":"follow","max-snippet":"max-snippet:-1","max-image-preview":"max-image-preview:large","max-video-preview":"max-video-preview:-1"},"canonical":"https:\/\/germainbacher.fr\/","og_locale":"fr_FR","og_type":"article","og_title":"Germain Bacher Videomaker","og_description":"Amoureux de la cr\u00e9ation audiovisuelle, je m'\u00e9panouis dans ma profession de vid\u00e9aste depuis pr\u00e8s d'une dizaine d'ann\u00e9es, et suis ravi de pouvoir accompagner mes clients au d\u00e9veloppement de leurs projets en mettant \u00e0 leur service mes comp\u00e9tences de r\u00e9alisateur vid\u00e9o.\ud83c\udfaf Ma mission : Vous aider dans le d\u00e9veloppement de votre communication visuelle en vous accompagnant dans la production de vos r\u00e9alisations vid\u00e9o de A \u00e0 Z.Et si on en parlait de vive voix ? \ud83d\udc49 calendly.com\/gbacher-videomaker\/rdv\ud83d\udc49 Mes services :\u2022 Vid\u00e9os corporate (entreprises, interviews\u2026)\u2022 Vid\u00e9os \u00e9v\u00e9nementielles (festivals, salons, s\u00e9minaires\u2026)\u2022 Vid\u00e9os promotionnelles (produits, services, marques)\u2022 Vid\u00e9os pour les r\u00e9seaux sociaux (YouTube, Instagram, Tiktok, Facebook\u2026)\u2022 Vid\u00e9os de formation en ligne (E-learning)\u2022 Formation sur les bases de la cr\u00e9ation audiovisuelle\ud83c\udfa5 Mon mat\u00e9riel :\u2022 Cam\u00e9ras (Panasonic S5IIX & Panasonic GH5)\u2022 Drone DJI Air 3 (Titulaire d'une certification aupr\u00e8s de la DGAC)\u2022 Stabilisateur DJI RS3\u2022 Kit son Sennheiser\u2022 Kit lumi\u00e8re D\u00f6rr\u2022 Montage (Adobe Premiere Pro, Adobe After Effect, Photoshop, Illustrator, Da Vinci\u2026)\ud83c\udf89 Mes valeurs ajout\u00e9es :Une polyvalence me permettant de g\u00e9rer l'int\u00e9gralit\u00e9 du workflowMon engagement \u00e0 rester constamment \u00e0 votre \u00e9coute, associ\u00e9 \u00e0 une approche empreinte d'humanit\u00e9, constituant ainsi la base d'une collaboration solide et fructueuse pour nos projets \u00e0 venir.Votre satisfaction au c\u0153ur de mes priorit\u00e9s","og_url":"https:\/\/germainbacher.fr\/","og_site_name":"Germain Bacher Videomaker","article_publisher":"https:\/\/www.facebook.com\/germainbachervideomaker\/","article_modified_time":"2024-01-18T16:00:36+00:00","og_image":[{"url":"http:\/\/germainbacher.fr\/wp-content\/uploads\/2024\/01\/P1000056low-1024x683.png"}],"twitter_card":"summary_large_image","twitter_misc":{"Dur\u00e9e de lecture estim\u00e9e":"2 minutes"},"schema":{"@context":"https:\/\/schema.org","@graph":[{"@type":"WebPage","@id":"https:\/\/germainbacher.fr\/","url":"https:\/\/germainbacher.fr\/","name":"Germain Bacher Videomaker","isPartOf":{"@id":"https:\/\/germainbacher.fr\/#website"},"datePublished":"2022-12-20T11:02:36+00:00","dateModified":"2024-01-18T16:00:36+00:00","description":"Amoureux de la cr\u00e9ation audiovisuelle, je m'\u00e9panouis dans ma profession de vid\u00e9aste depuis pr\u00e8s d'une dizaine d'ann\u00e9es, et suis ravi de pouvoir accompagner mes clients au d\u00e9veloppement de leurs projets en mettant \u00e0 leur service mes comp\u00e9tences de r\u00e9alisateur vid\u00e9o.\ud83c\udfaf Ma mission : Vous aider dans le d\u00e9veloppement de votre communication visuelle en vous accompagnant dans la production de vos r\u00e9alisations vid\u00e9o de A \u00e0 Z.Et si on en parlait de vive voix ? \ud83d\udc49 calendly.com\/gbacher-videomaker\/rdv\ud83d\udc49 Mes services :\u2022 Vid\u00e9os corporate (entreprises, interviews\u2026)\u2022 Vid\u00e9os \u00e9v\u00e9nementielles (festivals, salons, s\u00e9minaires\u2026)\u2022 Vid\u00e9os promotionnelles (produits, services, marques)\u2022 Vid\u00e9os pour les r\u00e9seaux sociaux (YouTube, Instagram, Tiktok, Facebook\u2026)\u2022 Vid\u00e9os de formation en ligne (E-learning)\u2022 Formation sur les bases de la cr\u00e9ation audiovisuelle\ud83c\udfa5 Mon mat\u00e9riel :\u2022 Cam\u00e9ras (Panasonic S5IIX & Panasonic GH5)\u2022 Drone DJI Air 3 (Titulaire d'une certification aupr\u00e8s de la DGAC)\u2022 Stabilisateur DJI RS3\u2022 Kit son Sennheiser\u2022 Kit lumi\u00e8re D\u00f6rr\u2022 Montage (Adobe Premiere Pro, Adobe After Effect, Photoshop, Illustrator, Da Vinci\u2026)\ud83c\udf89 Mes valeurs ajout\u00e9es :Une polyvalence me permettant de g\u00e9rer l'int\u00e9gralit\u00e9 du workflowMon engagement \u00e0 rester constamment \u00e0 votre \u00e9coute, associ\u00e9 \u00e0 une approche empreinte d'humanit\u00e9, constituant ainsi la base d'une collaboration solide et fructueuse pour nos projets \u00e0 venir.Votre satisfaction au c\u0153ur de mes priorit\u00e9s","breadcrumb":{"@id":"https:\/\/germainbacher.fr\/#breadcrumb"},"inLanguage":"fr-FR","potentialAction":[{"@type":"ReadAction","target":["https:\/\/germainbacher.fr\/"]}]},{"@type":"BreadcrumbList","@id":"https:\/\/germainbacher.fr\/#breadcrumb","itemListElement":[{"@type":"ListItem","position":1,"name":"Accueil","item":"https:\/\/germainbacher.fr\/"},{"@type":"ListItem","position":2,"name":"Qui suis-je ?"}]},{"@type":"WebSite","@id":"https:\/\/germainbacher.fr\/#website","url":"https:\/\/germainbacher.fr\/","name":"Germain Bacher Videomaker","description":"Germain Bacher Videomaker","publisher":{"@id":"https:\/\/germainbacher.fr\/#organization"},"potentialAction":[{"@type":"SearchAction","target":{"@type":"EntryPoint","urlTemplate":"https:\/\/germainbacher.fr\/?s={search_term_string}"},"query-input":"required name=search_term_string"}],"inLanguage":"fr-FR"},{"@type":"Organization","@id":"https:\/\/germainbacher.fr\/#organization","name":"Germain Bacher Videomaker","url":"https:\/\/germainbacher.fr\/","logo":{"@type":"ImageObject","inLanguage":"fr-FR","@id":"https:\/\/germainbacher.fr\/#\/schema\/logo\/image\/","url":"https:\/\/germainbacher.fr\/wp-content\/uploads\/2018\/11\/cropped-cropped-Plan-de-travail-1-2-1-1.png","contentUrl":"https:\/\/germainbacher.fr\/wp-content\/uploads\/2018\/11\/cropped-cropped-Plan-de-travail-1-2-1-1.png","width":150,"height":75,"caption":"Germain Bacher Videomaker"},"image":{"@id":"https:\/\/germainbacher.fr\/#\/schema\/logo\/image\/"},"sameAs":["https:\/\/www.instagram.com\/germainbachervideomaker\/","https:\/\/www.linkedin.com\/in\/germain-bacher--35454a172\/","https:\/\/www.facebook.com\/germainbachervideomaker\/"]}]}},"_links":{"self":[{"href":"https:\/\/germainbacher.fr\/index.php\/wp-json\/wp\/v2\/pages\/332"}],"collection":[{"href":"https:\/\/germainbacher.fr\/index.php\/wp-json\/wp\/v2\/pages"}],"about":[{"href":"https:\/\/germainbacher.fr\/index.php\/wp-json\/wp\/v2\/types\/page"}],"author":[{"embeddable":true,"href":"https:\/\/germainbacher.fr\/index.php\/wp-json\/wp\/v2\/users\/1"}],"replies":[{"embeddable":true,"href":"https:\/\/germainbacher.fr\/index.php\/wp-json\/wp\/v2\/comments?post=332"}],"version-history":[{"count":26,"href":"https:\/\/germainbacher.fr\/index.php\/wp-json\/wp\/v2\/pages\/332\/revisions"}],"predecessor-version":[{"id":435,"href":"https:\/\/germainbacher.fr\/index.php\/wp-json\/wp\/v2\/pages\/332\/revisions\/435"}],"wp:attachment":[{"href":"https:\/\/germainbacher.fr\/index.php\/wp-json\/wp\/v2\/media?parent=332"}],"curies":[{"name":"wp","href":"https:\/\/api.w.org\/{rel}","templated":true}]}}